late the remainder when 232 is divided by 25.
7
What is the remainder when 599 is divided by 9?
5
Calculate the remainder when 154 is divided by 72.
10
Calculate the remainder when 958 is divided by 31.
28
What is the remainder when 406 is divided by 12?
10
What is the remainder when 508 is divided by 88?
68
What is the remainder when 493 is divided by 491?
2
Calculate the remainder when 813 is divided by 306.
201
What is the remainder when 171 is divided by 58?
55
Calculate the remainder when 253 is divided by 11.
0
Calculate the remainder when 500 is divided by 227.
46
Calculate the remainder when 496 is divided by 21.
13
What is the remainder when 1980 is divided by 31?
27
Calculate the remainder when 118 is divided by 31.
25
What is the remainder when 2263 is divided by 67?
52
What is the remainder when 1058 is divided by 342?
32
What is the remainder when 276 is divided by 254?
22
What is the remainder when 135 is divided by 100?
35
What is the remainder when 214 is divided by 115?
99
Calculate the remainder when 81 is divided by 22.
15
What is the remainder when 115 is divided by 37?
4
What is the remainder when 1131 is divided by 135?
51
Calculate the remainder when 89 is divided by 24.
17
Calculate the remainder when 274 is divided by 160.
114
Calculate the remainder when 974 is divided by 33.
17
Calculate the remainder when 4457 is divided by 97.
92
What is the remainder when 195 is divided by 22?
19
What is the remainder when 200 is divided by 101?
99
What is the remainder when 9986 is divided by 103?
98
What is the remainder when 1934 is divided by 88?
86
Calculate the remainder when 96 is divided by 10.
6
Calculate the remainder when 55 is divided by 24.
7
Calculate the remainder when 655 is divided by 209.
28
What is the remainder when 64 is divided by 17?
13
What is the remainder when 537 is divided by 25?
12
Calculate the remainder when 229 is divided by 10.
9
Calculate the remainder when 1066 is divided by 258.
34
What is the remainder when 262 is divided by 120?
22
What is the remainder when 2522 is divided by 23?
15
Calculate the remainder when 624 is divided by 165.
129
What is the remainder when 104 is divided by 22?
16
What is the remainder when 403 is divided by 14?
11
Calculate the remainder when 6834 is divided by 76.
70
What is the remainder when 79 is divided by 14?
9
Calculate the remainder when 181 is divided by 26.
25
Calculate the remainder when 2212 is divided by 724.
40
Calculate the remainder when 441 is divided by 89.
85
Calculate the remainder when 140 is divided by 65.
10
What is the remainder when 155 is divided by 53?
49
What is the remainder when 6378 is divided by 116?
114
Calculate the remainder when 120 is divided by 55.
10
What is the remainder when 704 is divided by 101?
98
What is the remainder when 2420 is divided by 135?
125
Calculate the remainder when 11853 is divided by 228.
225
What is the remainder when 115 is divided by 86?
29
Calculate the remainder when 3230 is divided by 13.
6
Calculate the remainder when 81 is divided by 28.
25
What is the remainder when 924 is divided by 25?
24
What is the remainder when 627 is divided by 105?
102
Calculate the remainder when 170 is divided by 119.
51
Calculate the remainder when 5441 is divided by 3.
2
What is the remainder when 108 is divided by 25?
8
Calculate the remainder when 624 is divided by 57.
54
What is the remainder when 100 is divided by 28?
16
Calculate the remainder when 78 is divided by 30.
18
What is the remainder when 2495 is divided by 8?
7
Calculate the remainder when 1329 is divided by 19.
18
Calculate the remainder when 21 is divided by 14.
7
What is the remainder when 210 is divided by 106?
104
What is the remainder when 1448 is divided by 721?
6
What is the remainder when 223 is divided by 134?
89
What is the remainder when 215 is divided by 36?
35
Calculate the remainder when 1025 is divided by 9.
8
Calculate the remainder when 1288 is divided by 73.
47
What is the remainder when 3063 is divided by 171?
156
What is the remainder when 6659 is divided by 74?
73
Calculate the remainder when 1000 is divided by 13.
12
What is the remainder when 228 is divided by 4?
0
What is the remainder when 326 is divided by 79?
10
Calculate the remainder when 147 is divided by 75.
72
Calculate the remainder when 10987 is divided by 33.
31
Calculate the remainder when 2135 is divided by 238.
231
What is the remainder when 995 is divided by 12?
11
Calculate the remainder when 293 is divided by 74.
71
Calculate the remainder when 1583 is divided by 782.
19
Calculate the remainder when 446 is divided by 145.
11
What is the remainder when 29 is divided by 13?
3
What is the remainder when 6535 is divided by 3258?
19
What is the remainder when 33 is divided by 5?
3
What is the remainder when 574 is divided by 17?
13
Calculate the remainder when 3772 is divided by 74.
72
Calculate the remainder when 251 is divided by 52.
43
Calculate the remainder when 1919 is divided by 95.
19
Calculate the remainder when 131 is divided by 22.
21
What is the remainder when 417 is divided by 138?
3
Calculate the remainder when 1252 is divided by 8.
4
Calculate the remainder when 2141 is divided by 153.
152
What is the remainder when 2913 is divided by 485?
3
What is the remainder when 391 is divided by 166?
59
Calculate the remainder when 1196 is divided by 410.
376
What is the remainder when 730 is divided by 43?
42
Calculate the remainder when 6496 is divided by 33.
28
Calculate the remainder when 94 is divided by 18.
4
What is the remainder when 515 is divided by 64?
3
What is the remainder when 505 is divided by 13?
11
Calculate the remainder when 7770 is divided by 705.
15
What is the remainder when 82 is divided by 33?
16
What is the remainder when 2938 is divided by 975?
13
What is the remainder when 1709 is divided by 66?
59
Calculate the remainder when 88 is divided by 81.
7
What is the remainder when 791 is divided by 25?
16
Calculate the remainder when 56 is divided by 44.
12
What is the remainder when 63 is divided by 22?
19
What is the remainder when 159 is divided by 6?
3
What is the remainder when 351 is divided by 5?
1
Calculate the remainder when 829 is divided by 38.
31
What is the remainder when 633 is divided by 16?
9
Calculate the remainder when 565 is divided by 11.
4
Calculate the remainder when 917 is divided by 46.
43
Calculate the remainder when 101 is divided by 15.
11
Calculate the remainder when 182 is divided by 93.
89
What is the remainder when 5093 is divided by 28?
25
What is the remainder when 261 is divided by 53?
49
Calculate the remainder when 145 is divided by 73.
72
Calculate the remainder when 618 is divided by 23.
20
Calculate the remainder when 139 is divided by 58.
23
What is the remainder when 899 is divided by 22?
19
What is the remainder when 896 is divided by 13?
12
Calculate the remainder when 591 is divided by 17.
13
What is the remainder when 11368 is divided by 30?
28
Calculate the remainder when 397 is divided by 31.
25
Calculate the remainder when 133 is divided by 28.
21
What is the remainder when 136 is divided by 7?
3
What is the remainder when 216 is divided by 44?
40
Calculate the remainder when 332 is divided by 12.
8
What is the remainder when 811 is divided by 204?
199
What is the remainder when 4035 is divided by 7?
3
Calculate the remainder when 356 is divided by 33.
26
What is the remainder when 89 is divided by 43?
3
What is the remainder when 564 is divided by 21?
18
What is the remainder when 2966 is divided by 90?
86
What is the remainder when 1052 is divided by 76?
64
What is the remainder when 1328 is divided by 32?
16
What is the remainder when 734 is divided by 11?
8
What is the remainder when 6857 is divided by 49?
46
Calculate the remainder when 4813 is divided by 29.
28
What is the remainder when 64 is divided by 11?
9
What is the remainder when 3116 is divided by 12?
8
What is the remainder when 2113 is divided by 298?
27
What is the remainder when 51 is divided by 32?
19
Calculate the remainder when 815 is divided by 48.
47
Calculate the remainder when 1126 is divided by 8.
6
What is the remainder when 117 is divided by 28?
5
What is the remainder when 249 is divided by 50?
49
Calculate the